 = f**3 + 5*f**2 - 38*f. What is the thousands digit of a(14)?
3
Let m(k) = -66*k - 16. Suppose 0 = -4*n - 2 - 10. Let o be m(n). Let i = o - 119. What is the tens digit of i?
6
Let t(w) = -4*w**3 + 14*w**2 + 32*w - 5. Let f be t(-6). Suppose 3*q - 897 = -3*c, -12*c = -8*c - q - f. What is the hundreds digit of c?
2
What is the tens digit of (590/(-60) - -10)*1194?
9
Let g(d) = d**3 - 45*d**2 - 11*d - 422. What is the thousands digit of g(55)?
9
Suppose 48*t = -59*t - 42*t + 543403. What is the units digit of t?
7
What is the units digit of 3260802/92 - (-1 + 22/4)?
9
Let k(i) = 13*i + 43. Let x be k(-3). Suppose 5*l - 2639 = -3*c, 5*l - 2031 = x*c + 622. What is the hundreds digit of l?
5
Let u(v) = -7 + 20*v + 8*v**2 + 14 - 72*v**3 + 64*v**3. What is the tens digit of u(-4)?
6
Let h(g) = g**2 - 9*g - 6. Let c be 3*(-5)/(-15)*153. Suppose 9*i - c = -36. What is the tens digit of h(i)?
4
Let l be (40/(-14))/((-62)/(-217)). What is the tens digit of (-12765)/l + (-2)/4?
7
Let f(p) = -6511*p - 2424. What is the units digit of f(-3)?
9
Suppose -8*s = 4*s - 4812. Let d = -285 + s. Let m = d - 35. What is the units digit of m?
1
Suppose 21*f - 28675 + 10436 - 25987 = 0. What is the hundreds digit of f?
1
Let h be 8/20 - (-2)/(-20)*-26. Suppose -z - 362 = -2*x + 70, 864 = 4*x + h*z. Suppose -9*i = -5*i - x. What is the units digit of i?
4
Let n(h) = -145*h + 3. Let v(t) = 292*t - 7. Let a(y) = -5*n(y) - 2*v(y). What is the units digit of a(4)?
3
Suppose -4*h - 4*j - 24 = 0, -4*h = -j + 24 + 25. Let z be 6/(-5)*(-4 + -2 - h). What is the units digit of ((-34)/(-6))/((-1)/z)?
4
Suppose -3*g - 2*y + 87152 = 0, -859*g + 861*g - 3*y = 58097. What is the ten thousands digit of g?
2
Suppose -215*d = -200*d - 103545. What is the hundreds digit of d?
9
Let z = -337 - -339. Suppose -t = 5*d - 681, -8*d - z*t + 546 = -4*d. What is the hundreds digit of d?
1
What is the tens digit of 156/(-234) - (-63050)/3?
1
Let s be (5/30*2)/((-1)/(-3)). Let h be ((-612)/(-5))/(s/5). Suppose 7*r - 291 = h. What is the units digit of r?
9
Suppose -716*g + 711*g = -2*x + 60105, -5*x - 5*g + 150385 = 0. What is the tens digit of x?
7
Let o be (-8 - 0) + 45/9 + 102. Suppose g - 73 = f, -3*f - g + 3*g = 216. Let n = o + f. What is the tens digit of n?
2
Suppose 36*o + 32*o = -15*o + 2739415. What is the ten thousands digit of o?
3
Suppose 5*g = 2*z + 14, -z + 4 = 5*g + 2*z. Suppose 2*h = i - 630, -1608 = -3*i - g*h + 314. What is the tens digit of i?
3
Let k(t) = -10*t + 60. Let r be k(6). Suppose r = -4*q + 194 + 1706. What is the hundreds digit of q?
4
Let z(s) = -25*s + 64. Let l be z(16). Let b = 579 + l. What is the tens digit of b?
4
Let g(o) = 7*o**2 + 1. Let f be -22*1/10*-5. Suppose 13*d - 6 = f*d. What is the units digit of g(d)?
4
What is the tens digit of (-16 + 14)/(2/(-1436))?
3
Let b(c) = -2078*c - 1063. What is the tens digit of b(-17)?
6
Let j be (-10)/(-40) - -1123*(-2)/(-8). Suppose 325 = 6*w - j. What is the hundreds digit of w?
1
What is the hundreds digit of (6/36*-28191)/(3 - 35/10)?
3
Suppose 21*i - 12629 = 16267. Suppose i + 4232 = 8*z. What is the tens digit of z?
0
Suppose -2*d = -5*v + 95214, 0 = -v - 159*d + 154*d + 19032. What is the units digit of v?
2
What is the thousands digit of ((-1638)/168)/(((-45)/(-5180))/(-3))?
3
Suppose -a - 11 = 5*i - 36, i + 3*a - 5 = 0. Let w(z) = 3*z + 4*z - 7*z + i*z + 8. What is the tens digit of w(8)?
4
Let x(k) = 137*k**2 - 524*k - 5164. What is the ten thousands digit of x(-10)?
1
Suppose 4*m = -4*v - 7 + 27, 4*m - v + 5 = 0. Suppose -5*n - 10 = m, 0*g - n - 562 = -5*g. What is the units digit of g?
2
Let r = -1596 - -6658. What is the thousands digit of r?
5
Let r be ((-78)/(-10))/3 - (-18)/45. Suppose -3*i = 2*q + r*q - 1045, 3*q + 2*i = 628. What is the tens digit of q - (1/2)/(3/6)?
0
Let k(j) = -3*j + 18. Let y be k(6). Suppose y*p - 976 = -3*t - 4*p, -2*p + 8 = 0. What is the tens digit of t?
2
Suppose 794 = 5*k - 4*j, -3*j + 660 = 3*k + k. Let x = -24 - k. Let p = -102 - x. What is the units digit of p?
4
Let c(d) = d**2 - 7*d - 27. Let w be c(11). Suppose -23*n + 360 = -w*n. What is the tens digit of n?
6
Let i = 2551 + -451. Suppose -d + 1272 = -2*f, 2*f = -4*d + 2958 + i. What is the hundreds digit of d?
2
Let o be -1 - (1 + 0) - -8. Suppose 16 = -3*t + 4*l, t - 18 = o*t + 2*l. What is the hundreds digit of (138 - -1) + 1*t + 0?
1
Let o(f) = f**3 + 4*f**2 - 6*f - 19. Let j be o(-6). Let n = j + 94. Suppose 0 = -s + 3*t + n, -6*t = -t + 15. What is the units digit of s?
0
Let h = 96865 + -45568. What is the units digit of h?
7
Suppose 273*v - 2*v = 3203123 + 7929286. What is the ten thousands digit of v?
4
Suppose -8*y = -9*y - 5. Let o = y + 62. Suppose -g + 12 = -5*b, -5*b = 5*g - o - 93. What is the units digit of g?
7
Let g be (20 - 18) + (0 - 1 - -4). Suppose 5*c - 5*i - 105 = 0, -5*i + 62 + 33 = g*c. Suppose -4*a + c = 8, -a = 2*u - 95. What is the units digit of u?
6
Suppose -6*n - 3*z + 3008 = -4*n, 2*n - 3008 = 4*z. What is the tens digit of n - (104/(-32) - (-4)/16)?
0
Let d = 8 - 45. Let j = d - -46. Suppose 3*o = j*o - 90. What is the units digit of o?
5
Suppose 3642 = 2*w + w - 4*q, -w + 1195 = 5*q. Suppose -5*x = 25, 2*x - w = 3*a - 8*a. What is the units digit of a?
4
Let q be 0 - 9 - (16 + -12). Let u = 12 - q. Suppose -u*n = -23*n - 140. What is the units digit of n?
0
What is the hundreds digit of (12 - 1026)/((-6)/4)?
6
What is the tens digit of 4 + 1028154/27 + (-5 - (-141)/27)?
8
Let g be ((-5)/(-3))/(15/9) + -2017. Let y = g - -3340. What is the tens digit of y?
2
Let a = -31 + -7. Let c = a + 24. Let o(t) = -11*t + 36. What is the hundreds digit of o(c)?
1
Let v(n) = 96*n + 41. Let p be v(10). Let i = -272 + p. What is the units digit of i?
9
Suppose 0 = 4*m - 2*p - 8, p + 1 + 12 = 5*m. Let b = 766 + -138. Suppose -4*q + 2*f + b = 0, m*q - 4*f - 471 = -9*f. What is the units digit of q?
7
Let c(b) = 58*b + 15. Suppose -12*q + 8*q = s + 13, 4*q = 3*s - 25. What is the units digit of c(s)?
9
Let v(u) = 20163*u**2 + 333*u + 334. What is the hundreds digit of v(-1)?
1
Let i be 1/(-2)*5*(-16)/5. What is the units digit of 4 - i/((-48)/234)?
3
What is the thousands digit of 23163282/(-885)*(-20)/8?
5
Let y(l) = -4*l**3 - 219*l**2 + 87*l - 31. What is the hundreds digit of y(-58)?
6
Let b(h) = -13*h + 28. Let q = 95 - 98. What is the tens digit of b(q)?
6
Suppose 2*v - 53 = -5*m, -4*v + 2*m = -0*v - 46. Suppose -c + 8 = c - 4*l, -2*c = 2*l - v. What is the hundreds digit of (4/c)/((-3)/(-477))?
1
Suppose -4*h + 4 = -16. Suppose 16*b - h*b - 6369 = 0. What is the hundreds digit of b?
5
Let g = -100 + 236. What is the hundreds digit of (-8)/g + (-103710)/(-170)?
6
Let z = 94 - 23. Suppose -d + 82 + z = 0. What is the tens digit of d?
5
Let u(o) = 8*o**3 + 11*o**2 + 22*o + 86. What is the thousands digit of u(10)?
9
Suppose 5*j - 2*c = 276179, 5*j + 9*c - 14*c = 276155. What is the ten thousands digit of j?
5
Let j = -859 + 861. Let l be 210/8 - (-1)/(-4). Suppose 130 = j*t - l. What is the tens digit of t?
7
Let q(z) = 169*z - 197. What is the thousands digit of q(43)?
7
Suppose -10*q - 385580 = -5*m - 14*q, 17*m + 2*q = 1310914. What is the tens digit of m?
1
Suppose -75*g = -69*g - 19896. What is the thousands digit of g?
3
Suppose -2*y = -0*y - 4*r - 1782, 5*y - 5*r = 4475. Let s = -635 + y. Suppose 3*t - s = 4*c, -2*c + 0 + 6 = 0. What is the units digit of t?
2
Suppose 12 = -4*s, -5*s = 3*p - 8*s - 141. Suppose 31 = 15*n - p. Suppose 3*r + n = 125. What is the units digit of r?
0
Let n be (-81140)/(-25) + (-7)/((-105)/6). Suppose 9*f - 1695 = n. What is the hundreds digit of f?
5
Let y = 16700 + 21785. What is the units digit of y?
5
Suppose -3*y + 141 = -5*f, 3*f - 37 + 225 = 4*y. Suppose -y*b + 28*b = -11438. What is the hundreds digit of b?
6
Suppose -310 = v + 3*n - 31569, -n = 5*v - 156337. What is the hundreds digit of v?
2
Let c(r) = r**2 + 26*r - 1306. What is the hundreds digit of c(81)?
3
Suppose 86742 + 338023 - 25197 = 113*p. What is the tens digit of p?
3
Let o(n) = 6*n**2 + n + 1. Let k(i) = i**3 - 8*i**2 + 3*i - 23. Let y be k(8). Suppose -2*j + 2*f = -1 - y, -2*f - 12 = -4*j. What is the units digit of o(j)?
6
Let q(n) = -6672*n + 274. What is the tens digit of q(-1